8/5 + (-12)/p. Calculate the highest common divisor of 6 and x.
6
Suppose -18 = 4*m - 330. Let y be m/21 + (-10)/(-35). Suppose y*x + 3 = 7. Calculate the greatest common factor of 7 and x.
1
Suppose 14*o - 640 - 32 = 0. Calculate the highest common factor of o and 624.
48
Let n(p) = 6*p + 3*p - 8*p + 4. Let u be n(0). Let k be ((-8)/6)/(u/(-198)). What is the greatest common factor of k and 6?
6
Suppose -2*l = 3*s - 41, -3*l = l + 4*s - 88. What is the greatest common factor of 3 and l?
1
Let w(c) = 40*c + 2. Let f be w(-6). Let a = -166 - f. Suppose -4*r - 2*j + 26 = 0, -r = -4*j - j - 23. What is the greatest common divisor of a and r?
8
Let v(a) = -a - 6. Let n be v(-8). Let u = -1 + 1. Suppose u = h + h + 2*o - 2, 2*h - n*o = 6. Calculate the highest common factor of h and 1.
1
Let b be (-1)/2 - 700/40. Let c be 20/90 + (-50)/b. Calculate the greatest common factor of 12 and c.
3
Suppose -l - 5*k - 12 = -k, 5*l - 3 = k. Suppose 5*g - 20 = -l, 24 = 4*n + 2*g. Suppose 4*w - 24 = n. What is the highest common factor of 1 and w?
1
Let k be (-4)/(-68)*1021 + 46/(-782). Let s(u) = u**2 + 3*u + 2. Let d be s(-5). What is the highest common factor of k and d?
12
Let b(y) = -y**3 - 19*y**2 - 18*y + 5. Let a be b(-18). Suppose a*m - 8 = 4*m. What is the highest common factor of m and 40?
8
Let z(a) = 4*a - 61. Let b be z(17). Suppose -5*l - 4 = -24. Suppose l*h + y = 25, 12 + 14 = 2*h - 4*y. What is the highest common factor of h and b?
7
Suppose 185 = c + 53. Calculate the greatest common factor of 561 and c.
33
Let j be (-50)/(-5) + -3 + 157. Calculate the greatest common divisor of j and 41.
41
Let f(b) = b**2 - 9*b + 17. Let d be f(7). Let h be (d + (-69)/15 + 2)*95. Calculate the highest common divisor of h and 95.
19
Let s be 1 - (4/(-4) + 9). Let n = s - 29. Let p = n + 102. Calculate the greatest common factor of 6 and p.
6
Suppose 43*l - 119 = 2246. What is the highest common divisor of l and 77?
11
Suppose 3*d = 2*d + 3*p + 39, 0 = -3*d + 4*p + 132. What is the highest common divisor of 30 and d?
6
Let b = 2161 - 2129. Suppose 2*c = -3*j + 236, -2*j = -0*c - 2*c - 164. Calculate the greatest common divisor of j and b.
16
Let n(v) = -8*v + 352. Let r be n(42). What is the greatest common factor of r and 52?
4
Suppose -3 + 0 = -i. Let s = 6 - i. Suppose -w - 1 = -s. Calculate the highest common divisor of w and 14.
2
Suppose 4*v + 3*h - 2 = 127, -5*v - 4*h + 160 = 0. Calculate the greatest common divisor of v and 9.
9
Suppose 0 = 2*t - t - 4. Suppose 2*p = h - t, 0 = -h + 4*p + 1 + 7. Suppose h = -3*w + 107 - 29. What is the highest common divisor of w and 65?
13
Suppose 52*l - 98*l + 1656 = 0. Let o be ((-6)/4)/((-2)/96). Calculate the highest common factor of l and o.
36
Let h = 28 - -10. Suppose -a - 539 + 162 = 0. Let n be (-4)/((-4)/3) - a. What is the greatest common divisor of n and h?
38
Let d be (-3 + 2)*2 + -4. Let m be 2*9/d - -6. Let t be ((-2)/m)/((-20)/90). Calculate the highest common factor of t and 24.
3
Suppose -5*i = 5*q - 470, -4*i + 306 = q - 85. Let a = i - 59. Calculate the highest common divisor of a and 5.
5
Let o(a) = 13 - 12*a - 3*a**2 + 7*a**2 - a**2. Let y be o(6). What is the greatest common divisor of y and 7?
7
Let i be 1 + (10736/32)/((-2)/(-4)). What is the highest common factor of 24 and i?
24
Suppose -z + 5 = -2*s, -4*s = -5*z - 2*s + 17. Let j(x) = 9*x + 3. Let d be j(z). Let c be (-30)/4*8/(-10). Calculate the highest common factor of c and d.
6
Suppose 0 = 4*x - 9*x + 45. Suppose 0 = 4*q + 5*s - 3*s - 332, 0 = -3*q - s + 247. Calculate the highest common factor of q and x.
9
Let d = 4212 - 4167. Suppose -3*b - 681 = -5*s, -2*s - b + 4*b = -276. Calculate the greatest common divisor of d and s.
45
Suppose r + 480 = -4*r. Let i = r + 216. Suppose -h = 4*h - i. What is the highest common factor of h and 6?
6
Let t(r) = r**3 - 4*r**2 - 5*r - 1. Let x be t(5). Let y be (x/(-2))/((-4)/(-48)). Let p be (-8)/4*(-12)/8. What is the greatest common factor of p and y?
3
Let v be 255/20 - (-6)/(-8). Let z = 8 + 10. Calculate the highest common divisor of z and v.
6
Suppose -2*v - 327 = -5*d + 293, -2*d - 4*v + 272 = 0. Calculate the highest common divisor of 54 and d.
18
Suppose -3*j = -3*w - 63, 4*w + 0 = -3*j + 84. What is the highest common factor of 320 and j?
8
Suppose -2*z - 12*i + 8*i + 6 = 0, -5*z = -i - 15. Let h be 1/(-2) - (-26)/4. What is the highest common divisor of h and z?
3
Let t = -17 + 39. Calculate the greatest common factor of t and 6.
2
Let b be 2/(-6)*-9 + -1. Let w be 134/6 + (-12)/(-18) - b. Calculate the greatest common divisor of 21 and w.
21
Let g = -9671 - -9689. Suppose 2*u - 400 = -k + 5*k, -2*u = 3*k - 393. What is the highest common factor of g and u?
18
Suppose -u + 1 + 4 = 5*b, -2*u = -2*b + 2. Let p = b - -4. Let v = p - 1. What is the highest common divisor of 4 and v?
4
Suppose -5*q = 552 - 3792. Calculate the highest common divisor of q and 24.
24
Let q = 507 - -21. What is the highest common divisor of 48 and q?
48
Let q be (-4125)/(-22) + (-6)/(-4). What is the greatest common divisor of 147 and q?
21
Let q = 4 - 12. Let d = q - -15. Suppose -2*m + 7 = 3*k, -3*k - 2*m + d*m = 7. Calculate the greatest common divisor of 11 and k.
1
Let a = -55 + 60. Suppose -4*w + 368 = a*n - 164, 5*w = -4*n + 656. What is the greatest common divisor of w and 8?
8
Suppose 7*g + 228 - 74 = 0. Let v = g - -22. Suppose v = -2*p - 3*p + 880. What is the greatest common divisor of p and 16?
16
Let q = -6 - -11. Suppose g - q*g = -16. Suppose 4*i - i - 36 = 0. What is the greatest common factor of i and g?
4
Suppose 3*o + 774 = 3*j, 3*j - 614 - 156 = o. Calculate the highest common divisor of 4 and j.
4
Suppose -f - 252 = -7*f. Suppose -f = -2*a - 4*x, 2*a + 23 = 3*a + 3*x. Calculate the highest common divisor of a and 51.
17
Suppose 11 = 2*h - 1. Suppose 0*v = -30*v + 720. What is the greatest common divisor of v and h?
6
Let k = -6 - 86. Let s = -77 - k. Calculate the greatest common factor of s and 45.
15
Suppose -3*w = -3*b - b - 36, 0 = 4*w - 16. Let a(x) = -x**2 - 9*x - 9. Let c be a(b). Calculate the greatest common divisor of 27 and c.
9
Let t be 210/28*(-96)/(-20). What is the greatest common divisor of t and 228?
12
Let z(p) be the second derivative of p**3/3 - 25*p**2/2 + 4*p. Let r be z(15). Calculate the highest common factor of 10 and r.
5
Suppose 160*q = 161*q + b - 341, 1723 = 5*q - 4*b. Calculate the greatest common divisor of q and 147.
49
Let x(a) = -17*a - a**2 + 4*a**2 - 3*a**2 - 20 - a**2. Let w be x(-15). What is the highest common divisor of 2 and w?
2
Let a be -5 + 7 + -2*(-23 - 2). What is the highest common factor of 65 and a?
13
Suppose -4*l + l - 60 = 0. Let f be 4/10 - 232/l. Let b be ((-486)/(-15))/((-6)/(-20)). What is the highest common factor of b and f?
12
Suppose 36 = 7*h - 48. Let l(n) = -7*n - 1. Let d be l(-2). Suppose -4*o + d - 1 = 0. Calculate the greatest common factor of o and h.
3
Let l be (464 - (-98)/14) + 6/(-1). What is the highest common divisor of 186 and l?
93
Suppose 3*l - 22 = l. Let j(g) = g**3 + 8*g**2 - g + 10. Suppose 6*i - 6 = 7*i. Let c be j(i). Calculate the greatest common divisor of l and c.
11
Suppose 52 = 7*a - 6*a. Calculate the highest common factor of 13 and a.
13
Suppose 0*z = 4*z - 44. Suppose -66 = -6*x - 0. Calculate the highest common factor of x and z.
11
Let m(p) = -4*p**3 + p. Suppose 0 = -3*g + 7 - 1. Suppose -4 = g*v + 2*x, -1 = -4*x - 5. Let z be m(v). What is the greatest common divisor of 33 and z?
3
Let b be (-11)/(-33) - 545/(-3). Calculate the greatest common divisor of 13 and b.
13
Let o be (-10)/(-14) - 1 - 6430/35. Let w be 0 - (3 - 2 - 7). Let u be w/(-9) + o/(-6). What is the highest common factor of 15 and u?
15
Let w be (-4)/10 - 112/70. Let d be (-45)/12*(w - 2). Calculate the greatest common divisor of d and 105.
15
Suppose -2*j - 28 = -72. Suppose 3*c - j = -7. Calculate the greatest common divisor of c and 5.
5
Let m be (-26)/((-2)/(-1)) + 1. Let z be 30/m*(-4)/5. Let a be -4 + 1 - z*-4. Calculate the greatest common factor of 10 and a.
5
Let z = 694 + -1174. Let j be 10/45 + z/(-27). What is the greatest common factor of 2 and j?
2
Let q(n) = 2*n**3 + 2*n**2 - 2*n + 2. Let u be q(3). Suppose -19*o 